0).
-26
Let a(w) = 35*w - 3. Calculate a(-1).
-38
Let d(v) = 4*v + 7. Determine d(-3).
-5
Let a(k) = k**2 - 3*k + 50. What is a(0)?
50
Let s(r) = -r**2 - 13*r + 35. Give s(-15).
5
Let o(a) = -a**2 - 4*a + 16. What is o(-8)?
-16
Let z(n) = 3*n**2 - 4*n - 7. Determine z(5).
48
Let x(a) = a**2 - 6*a - 4. Calculate x(7).
3
Let d(r) = -2*r. What is d(-4)?
8
Let s(j) = -j**3 - 7*j**2 + 26*j + 25. Calculate s(-10).
65
Let d(f) = 6*f**2 - 2*f - 5. Determine d(0).
-5
Let g(b) = 3*b + 12. What is g(6)?
30
Let w(c) = -9*c**2 + c + 6. Calculate w(-2).
-32
Let h(t) = -t**3 - 10*t**2 + 12*t - 11. What is h(-11)?
-22
Let f(g) = -6*g + 15. Determine f(6).
-21
Let t(w) = -w**3 + 15*w**2 + 18*w - 19. Calculate t(16).
13
Let j(i) = i**3 + 8*i**2 + 3*i + 2. Calculate j(-7).
30
Let h(l) = l**2 - 16*l - 102. Calculate h(-6).
30
Let a(i) = -i**2 - 24*i + 92. Determine a(-28).
-20
Let a(z) = -z**2 + 10*z - 18. Give a(14).
-74
Let f(s) = s**2 - 4*s - 7. Calculate f(-6).
53
Let d(z) = z**3 - 4*z**2 + z - 1. What is d(2)?
-7
Let l(k) = k**2 - 11*k + 32. What is l(8)?
8
Let w(o) = o**3 - 10*o**2 - 27*o + 34. Calculate w(12).
-2
Let x(g) = g**3 + 6*g**2 - 23*g + 28. Determine x(-9).
-8
Let v(u) = -u**2 - 4. What is v(3)?
-13
Let c(d) = d - 3. Determine c(5).
2
Let l(u) = -u**2 + 10*u - 14. Give l(5).
11
Let f(g) = g**3 + 15*g**2 + 37*g + 4. Determine f(-12).
-8
Let d(x) = 5*x - 10. Give d(7).
25
Let b(v) = -6*v + 49. What is b(7)?
7
Let b(f) = -f + 11. Give b(-11).
22
Let y(v) = v**2 + v - 1. Determine y(-3).
5
Let h(k) = k**2 - 12*k + 2. Determine h(12).
2
Let z(h) = 5*h**3 + 29*h**2 - 6*h - 10. Calculate z(-6).
-10
Let l(c) = -c**3 - 21*c**2 + 2*c + 52. Give l(-21).
10
Let z(y) = -y**2 + 52*y - 239. Determine z(5).
-4
Let j(v) = -v**3 - 12*v**2 + 16*v + 51. Calculate j(-13).
12
Let m(b) = 20*b**3 + 3*b**2 - b + 2. Determine m(1).
24
Let l(a) = -a**3 + 4*a**2 + 15*a - 25. Calculate l(6).
-7
Let n(i) = 18*i + 19. Determine n(-1).
1
Let w(l) = 25*l - 23. What is w(2)?
27
Let c(f) = -2*f**3 + 2*f**2 + f. Calculate c(-1).
3
Let j(t) = 3*t - 2. What is j(1)?
1
Let f(s) = 6*s - 191. Determine f(32).
1
Let a(h) = h**3 + 4*h**2 - 9*h + 7. Give a(5).
187
Let p(d) = -2*d**2 - 18*d - 33. Determine p(-4).
7
Let p(z) = -2*z**2 + 3*z + 49. What is p(-4)?
5
Let u(z) = -5*z**3 - 3*z - 2. What is u(-1)?
6
Let g(l) = 13*l - 1. Give g(1).
12
Let b(f) = f**2 - 2*f - 5. Calculate b(-4).
19
Let k(i) = 7*i + 3. Determine k(-5).
-32
Let g(o) = -o**2 - 31*o - 31. What is g(-1)?
-1
Let y(h) = -h - 4. Determine y(9).
-13
Let h(o) = -o**3 + o**2 + o - 58. Calculate h(0).
-58
Let w(k) = -12*k + 337. Determine w(28).
1
Let g(r) = -r - 13. Give g(4).
-17
Let f(g) = -62*g**3 - 2*g + 3. Calculate f(1).
-61
Let h(j) = j**3 + 16*j**2 + 14*j - 21. What is h(-15)?
-6
Let r(c) = -c**2 - 12*c + 3. What is r(-8)?
35
Let l(p) = -p. What is l(-6)?
6
Let r(u) = -u**3 + 6*u**2 + 8*u - 1. Determine r(7).
6
Let d(l) = -12*l + 13. Calculate d(6).
-59
Let w(k) = k**3 - k**2 - 7*k. What is w(3)?
-3
Let x(q) = -2*q**2 + 59*q + 82. Give x(31).
-11
Let y(f) = -f**3 + 12*f**2 + 1. Give y(12).
1
Let i(y) = -2*y**2 + 12*y - 9. Determine i(6).
-9
Let b(l) = 5*l**2 + 32*l + 7. Determine b(-7).
28
Let p(b) = -b**3 - 16*b**2 - 3*b - 19. Determine p(-16).
29
Let g(q) = 14*q + 150. Determine g(-11).
-4
Let f(d) = 36*d - 6. Calculate f(0).
-6
Let y(x) = -x**2 + 9*x - 10. Calculate y(6).
8
Let h(s) = 2*s**2 - 118*s + 9. Calculate h(59).
9
Let r(k) = -9*k - 12. Calculate r(-2).
6
Let d(y) = 2*y**2 - 39*y + 25. Determine d(19).
6
Let l(d) = -d**3 - 23*d**2 - 20*d + 61. Calculate l(-22).
17
Let f(b) = b**3 + 9*b**2 + 16*b + 48. Determine f(-7).
34
Let f(u) = -6*u - 44. Determine f(-7).
-2
Let w(v) = -v**3 + 2*v**2 - 5*v + 4. Calculate w(3).
-20
Let s(f) = -2*f**3 + 7*f**2 - 5*f + 1. Give s(4).
-35
Let u(j) = j**2 + 10*j + 3. Determine u(-10).
3
Let n(d) = 2*d + 1. What is n(3)?
7
Let r(f) = -f**3 + 10*f**2 + 8*f + 37. What is r(11)?
4
Let x(q) = 2*q**2 + 3*q + 1. What is x(-2)?
3
Let o(v) = v + 1. What is o(-11)?
-10
Let b(v) = -v**3 + 12*v**2 + 14*v - 10. Determine b(13).
3
Let g(h) = -29*h + 9. Calculate g(0).
9
Let n(h) = 4*h**2 - 3*h + 4. What is n(5)?
89
Let d(p) = -3*p + 2. Determine d(1).
-1
Let x(z) = -z**2 - 18*z - 28. Determine x(-16).
4
Let n(c) = c**3 - 52*c**2 + 146*c + 37. Determine n(49).
-12
Let r(m) = m**2 - 35*m + 25. Determine r(34).
-9
Let g(c) = c**3 + 3*c**2 + 3*c - 12. Determine g(-3).
-21
Let p(d) = d**3 + 28*d**2 + 31*d + 138. Calculate p(-27).
30
Let h(x) = -4*x - 7. What is h(-8)?
25
Let d(m) = -m**3 + 33*m**2 - 32*m + 11. Give d(32).
11
Let k(j) = -j**2 - 13*j - 19. Determine k(-10).
11
Let y(d) = -d + 6. Determine y(12).
-6
Let t(c) = -2*c**3 - 16*c**2 - 16*c - 11. Determine t(-7).
3
Let x(i) = 3*i + 24. Give x(-14).
-18
Let b(c) = -3*c**2 + 3*c - 2. Give b(2).
-8
Let t(r) = -r**2 - 9*r + 363. Give t(-24).
3
Let x(a) = -a**3 + 5*a**2 + 16*a - 8. What is x(7)?
6
Let o(b) = b**2 + 47*b - 2. Determine o(-47).
-2
Let n(w) = w**3 + 3*w**2 - 5*w - 6. What is n(-4)?
-2
Let k(l) = -22*l - 1. Give k(3).
-67
Let m(j) = -j + 1. Calculate m(12).
-11
Let k(m) = -m**2 + 6*m + 4. Determine k(7).
-3
Let d(b) = 8*b**3 + b**2 + b + 2. What is d(-1)?
-6
Let g(j) = 4*j + 50. Calculate g(-19).
-26
Let t(c) = -4*c**2 - 7*c + 4. What is t(-6)?
-98
Let f(t) = -t**3 + 6*t**2 + 53*t - 295. Give f(8).
1
Let l(m) = 2*m + 14. Determine l(-5).
4
Let l(o) = -o**2 + 23*o + 212. Calculate l(30).
2
Let i(o) = o**3 + 3*o**2 - 5*o - 1. Determine i(-5).
-26
Let m(g) = -2*g**2 - 11*g - 5. Calculate m(-4).
7
Let n(a) = a - 23. Calculate n(13).
-10
Let t(a) = -7*a + 2. What is t(2)?
-12
Let t(v) = -18*v + 274. Calculate t(16).
-14
Let q(x) = -x**3 + 6*x**2 - x + 1. Determine q(4).
29
Let n(w) = -w**3 - 2*w**2 - w + 2. What is n(-2)?
4
Let t(k) = -k**2 - 10*k - 33. Determine t(-8).
-17
Let v(g) = -g**2 - 9*g - 16. What is v(10)?
-206
Let q(t) = 5*t + 132. Give q(-26).
2
Let t(v) = v**3 + 11*v**2 - 42*v - 8. Give t(-14).
-8
Let o(x) = 42*x**2 - 2*x - 3. Calculate o(-1).
41
Let r(p) = -2*p**2 + 2*p - 1. Determine r(4).
-25
Let j(b) = b**3 - 17*b**2 + 15*b - 4. What is j(16)?
-20
Let z(p) = -p**3 + 32*p**2 + 105*p + 25. Determine z(35).
25
Let b(i) = i**3 + 3*i**2 - 6*i + 15. What is b(-5)?
-5
Let d(h) = -h + 3. Give d(-16).
19
Let z(d) = d**3 - 6*d**2 - d + 24. Give z(4).
-12
Let o(d) = -95*d - 3. Calculate o(1).
-98
Let t(k) = k + 1. Give t(5).
6
Let d(a) = -a**3 - 5*a**2 + 5*a + 3. Give d(-4).
-33
Let l(p) = -2*p**2 + 2*p + 6. What is l(4)?
-18
Let i(y) = -32*y + 143. What is i(4)?
15
Let q(g) = g**2 - 1. What is q(-2)?
3
Let q(a) = -a**3 - 5*a**2 - 3*a + 6. Calculate q(-6).
60
Let u(q) = -q - 38. Calculate u(-43).
5
Let c(b) = -b**3 - 9*b**2 - 11*b + 3. Calculate c(-8).
27
Let i(n) = n**3 + 4*n**2 - n - 2. Give i(-5).
-22
Let t(k) = -3*k**2 + 19*k + 10. Determine t(11).
-144
Let c(o) = o**3 - 6*o**2 - 6*o - 5. Calculate c(6).
-41
Let a(v) = -9*v**3 + v**2 + 3*v - 3. Give a(1).
-8
Let d(p) = -p**3 + 3*p**2 + 3*p + 4. Calculate d(6).
-86
Let u(o) = o**3 + 3*o**2 + 5*o - 3. Give u(-5).
-78
Let p(d) = 3*d**2 + 17*d - 1. What is p(-4)?
-21
Let t(c) = -12*c - 107. What is t(-11)?
25
Let z(p) = 6*p - 24. Determine z(-12).
-96
Let a(h) = -11*h + 42. What is a(5)?
-13
Let v(j) = 2*j**2 - 10*j + 6. Calculate v(5).
6
Let r(x) = x**2 - 5*x - 8. Determine r(7).
6
Let v(j) = 15*j**3 + 2*j**2 - j. What is v(1)?
16
Let s(b) = -b**2 + 54*b + 239. Calculate s(-4).
7
Let u(x) = -5*x**2 + 16*x - 16. Give u(1).
-5
Let u(r) = r**3 - 6*r**2 + 6*r + 6. Determine u(5).
11
Let d(g) = -72*g - 288. What is d(-4)?
0
Let i(y) = -y**3 + 7*y**2 - 2*y + 22. Calculate i(7).
8
Let i(b) = -3*b + 20. Determine i(6).
2
Let m(k) = -5*k**3 - 22*k**2 - 20*k - 42. Give m(-4).
6
Let j(g) = -g**3 + 2*g**2 + 2*g. Give j(5).
-65
Let g(r) = -r**2 - 5*r + 8. What is g(-4)?
12
Let a(u) = u**2 - 22*u + 13. Determine a(21).
-8
Let q(b) = -59*b**2 + 21*b - 22. Give q(1).
-60
Let p(x) = 6*x - 125. Determine p(0).
-125
Let a(t) = t**2 + 38*t + 149. Give a(-33).
-16
Let i(n) = -n**3 + 53*n**2 - 52*n + 5. Calculate i(52).
5
Let d(a) = a**2 - 3*a - 16. What is d(0)?
-16
Let d(a) = -15*a**3 + a**2 - a - 1. Determine d(-1).
16
Let t(d) = 4*d - 4. Determine t(-2).
-12
Let z(q) = -q**3 + 8*q**2 + 2*q 